{"id":1374,"date":"2021-02-12T23:34:13","date_gmt":"2021-02-12T22:34:13","guid":{"rendered":"https:\/\/dahan-bijoux.com\/?page_id=1374"},"modified":"2026-04-07T04:01:52","modified_gmt":"2026-04-07T02:01:52","slug":"colliers","status":"publish","type":"page","link":"https:\/\/www.naama-bijoux.fr\/index.php\/shop\/colliers\/","title":{"rendered":"Colliers"},"content":{"rendered":"<div class=\"brz-root__container brz-reset-all brz brz-root__container-page\">\n<section id=\"_bzerisrseqixxfkmumaohckywkscarkrqfqm\" class=\"brz-section brz-css-uxya71 brz-css-qnwr8n\">\n<div class=\"brz-section__content brz-section--boxed brz-css-1tb3rzl brz-css-hx1h2c\" data-brz-custom-id=\"ykcsqqgoalcqajlwoxwluhjcbucjzmbmibyf\">\n<div class=\"brz-container brz-css-1u9pga7 brz-css-q0pmz3\">\n<div id=\"\" class=\"brz-css-5mbsse brz-wrapper\">\n<div class=\"brz-woo-pages brz-css-19os0cn\" data-brz-custom-id=\"knipugghladijojvbozwqcwggarwufuyywxn\">\n<div class=\"brz-woo-page\"><\/div>\n<\/div>\n<\/div>\n<\/div>\n<\/div>\n<\/section>\n<section id=\"_vhpktsosssraxkdjbvzdjaxrqnupurwxxgje\" class=\"brz-section brz-css-uxya71\">\n<div class=\"brz-section__content brz-section--boxed brz-css-1tb3rzl brz-css-dqemew\" data-brz-custom-id=\"zbduokakxxexuavgbguoqwhyrfwyrktvbcdh\">\n<div class=\"brz-container brz-css-1u9pga7\">\n<div id=\"\" class=\"brz-css-5mbsse brz-wrapper\">\n<div class=\"brz-rich-text brz-rich-text__custom brz-css-aq7mxe\" data-brz-custom-id=\"mzpxcjauiowkfpftnldwkxbgxuuajvwetsws\">\n<div data-brz-translate-text=\"1\">\n<p class=\"brz-tp-paragraph brz-css-uT1UG\"><strong class=\"brz-cp-color7\">Vous allez aimer aussi<\/strong><\/p>\n<\/div>\n<\/div>\n<\/div>\n<div id=\"\" class=\"brz-css-5mbsse brz-css-1g4ckx2 brz-wrapper\">\n<div class=\"brz-menu-simple brz-css-1ewwa2o brz-css-12zqp9b\">\n<div><\/div>\n<\/div>\n<\/div>\n<div id=\"\" class=\"brz-css-5mbsse brz-css-oxhxn6 brz-wrapper\">\n<div class=\"brz-menu-simple brz-css-1ewwa2o brz-css-13u62f3\">\n<div><\/div>\n<\/div>\n<\/div>\n<\/div>\n<\/div>\n<\/section>\n<\/div>\n<p>    <!-- version:1736960706 --><\/p>\n","protected":false},"excerpt":{"rendered":"<p>Craquez pour la collection de colliers intemporels, tendances, fantaisies ou boh\u00e8me Indispensable pour parfaire vos tenues, mes colliers habilleront joliment votre cou et mettrons en valeur vos d\u00e9collet\u00e9s en toute \u00e9l\u00e9gance. D\u00e9couvrez-les sans attendre et portez-les en toute occasion.<\/p>\n","protected":false},"author":1,"featured_media":3354,"parent":17,"menu_order":0,"comment_status":"closed","ping_status":"closed","template":"","meta":{"advanced_seo_description":"","jetpack_seo_html_title":"","jetpack_seo_noindex":false,"jetpack_post_was_ever_published":false,"footnotes":""},"class_list":["post-1374","page","type-page","status-publish","has-post-thumbnail","hentry"],"blocksy_meta":{"page_title_panel":"","has_hero_section":"enabled","4d3109ff69b31ebbb66e254723f64615":"","hero_section":"type-2","hero_elements":[{"id":"custom_title","enabled":true,"heading_tag":"h1","title":"Accueil","__id":"IRLnekgTKAEckPQbBxhxH"},{"id":"custom_description","enabled":true,"description_visibility":{"desktop":true,"tablet":true,"mobile":true},"__id":"XiXsHBTSHbTVakA96xxSE"},{"id":"custom_meta","enabled":false,"meta_elements":[{"id":"author","enabled":true,"label":"Par","has_author_avatar":"yes","avatar_size":25},{"id":"post_date","enabled":true,"label":"Sur","date_format_source":"default","date_format":"M j, Y"},{"id":"comments","enabled":true}],"page_meta_elements":{"joined":true,"articles_count":true,"comments":true},"__id":"Z9eNBdICvUgogwkbtmdUV"},{"id":"breadcrumbs","enabled":true,"__id":"AvUFtCBdoAsOQa2VwTHUn"}],"f1df8156a64110acfabdba01fce32870":"","hero_alignment1":"left","hero_margin":{"desktop":50,"tablet":30,"mobile":30},"hero_alignment2":"center","hero_vertical_alignment":"center","0537372861dd96ff925b611d80d47153":"","hero_structure":"narrow","b5a7647a4740ea767f683aa17839d901":"","page_title_bg_type":"color","custom_hero_background":{"attachment_id":null},"parallax":{"desktop":false,"tablet":false,"mobile":false},"ab0c4f9a5dc6bb064c3c0ce2225115fe":"","hero_height":"250px","pageTitleFont":{"family":"Default","variation":"Default","size":{"desktop":"32px","tablet":"30px","mobile":"25px"},"line-height":"CT_CSS_SKIP_RULE","letter-spacing":"CT_CSS_SKIP_RULE","text-transform":"CT_CSS_SKIP_RULE","text-decoration":"CT_CSS_SKIP_RULE"},"pageTitleFontColor":{"default":{"color":"CT_CSS_SKIP_RULEDEFAULT"}},"pageMetaFont":{"family":"Default","variation":"n6","size":"12px","line-height":"1.3","letter-spacing":"CT_CSS_SKIP_RULE","text-transform":"uppercase","text-decoration":"CT_CSS_SKIP_RULE"},"pageMetaFontColor":{"default":{"color":"CT_CSS_SKIP_RULEDEFAULT"},"hover":{"color":"CT_CSS_SKIP_RULEDEFAULT"}},"pageExcerptFont":{"family":"Default","variation":"Default","size":"CT_CSS_SKIP_RULE","line-height":"CT_CSS_SKIP_RULE","letter-spacing":"CT_CSS_SKIP_RULE","text-transform":"CT_CSS_SKIP_RULE","text-decoration":"CT_CSS_SKIP_RULE"},"pageExcerptColor":{"default":{"color":"var(--theme-palette-color-4)"}},"breadcrumbsFont":{"family":"Default","variation":"n6","size":"12px","line-height":"CT_CSS_SKIP_RULE","letter-spacing":"CT_CSS_SKIP_RULE","text-transform":"uppercase","text-decoration":"CT_CSS_SKIP_RULE"},"breadcrumbsFontColor":{"default":{"color":"CT_CSS_SKIP_RULEDEFAULT"},"initial":{"color":"var(--theme-palette-color-2)"},"hover":{"color":"CT_CSS_SKIP_RULEDEFAULT"}},"pageTitleOverlay":{"default":{"color":"var(--theme-palette-color-2)"}},"pageTitleBackground":{"background_type":"color","background_pattern":"type-1","background_image":{"attachment_id":null,"x":0,"y":0},"gradient":"linear-gradient(to right, #fa709a 0%, #fee140 100%)","background_repeat":"no-repeat","background_size":"auto","background_attachment":"scroll","patternColor":{"default":{"color":"#e5e7ea"}},"overlayColor":{"default":{"color":"CT_CSS_SKIP_RULE"}},"backgroundColor":{"default":{"color":"var(--theme-palette-color-1)"}}},"pageTitlePadding":{"top":"50px","bottom":"50px","left":"auto","right":"auto","linked":true},"f87e295850c34e9e6f0c145618621d78":"","page_structure_type":"type-1","content_style":"inherit","vertical_spacing_source":"inherit","content_area_spacing":"both","background":{"background_type":"color","background_pattern":"type-1","background_image":{"attachment_id":null,"x":0,"y":0},"gradient":"linear-gradient(135deg,rgba(6,147,227,1) 0%,rgb(155,81,224) 100%)","background_repeat":"no-repeat","background_size":"auto","background_attachment":"scroll","patternColor":{"default":{"color":"#e5e7ea"}},"overlayColor":{"default":{"color":"CT_CSS_SKIP_RULE"}},"backgroundColor":{"default":{"color":"CT_CSS_SKIP_RULE"}}},"content_background":{"background_type":"color","background_pattern":"type-1","background_image":{"attachment_id":null,"x":0,"y":0},"gradient":"linear-gradient(135deg,rgba(6,147,227,1) 0%,rgb(155,81,224) 100%)","background_repeat":"no-repeat","background_size":"auto","background_attachment":"scroll","patternColor":{"default":{"color":"#e5e7ea"}},"overlayColor":{"default":{"color":"CT_CSS_SKIP_RULE"}},"backgroundColor":{"default":{"color":"#ffffff"}}},"content_boxed_shadow":{"inherit":false,"blur":18,"spread":-6,"v_offset":12,"h_offset":0,"inset":false,"enable":true,"color":{"color":"rgba(34, 56, 101, 0.04)"}},"boxed_content_spacing":{"desktop":{"top":"40px","bottom":"40px","left":"40px","right":"40px","linked":true},"tablet":{"top":"35px","bottom":"35px","left":"35px","right":"35px","linked":true},"mobile":{"top":"20px","bottom":"20px","left":"20px","right":"20px","linked":true}},"content_boxed_radius":{"top":"3px","bottom":"3px","left":"3px","right":"3px","linked":true},"3a711452d2eae12b4f59d5425f36d969":"","disable_featured_image":"yes","disable_header":"no","disable_footer":"no","5e42d3ebe8edb362f01155b1d425e1e5":"","77cc57bac078b1048fe3c9232383179a":"","926c8b9338ee64706d15b3ce782d85b9":"","154834cb21861be8eeda45683435cbd4":"","21a9863ca48dabb5c2de321b47264c0f":"","eeb5d5f94d51717044c421351396f5e9":"","d18d94e2de08061b4f98ca7c36bb8331":"","c0905d53aca792b89a7aafe18663088f":"","4af763eeb6deddc30c35b99c34c6d29a":"","992f5f45b21a70a64047a02fc916d89e":"","a73dacbebe51b6b9cab38f2ee1e2b2f0":"","8656a30ebaa54965f6d716e1dbdfb737":"","7f90c2d9986c86dfcfce0c7657c56eb2":"","16101ff903baed89e60f32a0b5b1b279":"","c222f4342d34492dbb31f71893c1e5e2":"","25055b2461c3e1017f429c4d61c1c333":"","22b2d59d07916bd901c2b1bb04ddaad2":"","a7e5b0cf96a397502a5bcc2c1aa7b9ee":"","ea036731990cfb2405d9e9cdd2f5c7f7":"","0b1410d539791f0359c383920e45ee51":"","6eafef37852a952dc515e664073f38c9":"","cbf99349ccf4e84499032890e435018c":"","3ae7f368f606181ec542791e528e02c0":"","fdf2a3c2e9b180190eaaeef05936ee37":"","fc7aafda45d914840c1e4effb82dd1bd":"","d5aeea30b11d1e7cb706785b175fc033":"","a922f36648578f827e0667e67c3a8ca4":"","468a0895c97bd103d4ff5febe0e3157e":"","14a5f36345ddb2e6924ad4543249ac60":"","3fce66366cbd1ea09581efe62b252df0":"","b8a5d091d69a457f23183af660162539":"","f160ff3d8093ef4f52a17e18fdf6d783":"","b434761c4e2cba83af555c6e45d7b066":"","d221e41e36b57bb41f5e27c27753590b":"","267cbfb8aff065b9caf6d16aa95011b3":"","0b979d173ee3a188f182b9729d43348a":"","dfc88eb0cab0993ef1a77e3cf80a0e02":"","ac85227ed47f18a2b2d5a69709bf8841":"","a50d50674925498b42dd0d876fa7ad77":"","a1071e083e7aede1e0d50effe6962108":"","d0a36ae93062c4dcc68beb41486546f3":"","2cede48db1a61d6e5e15aa0fd796f663":"","9c02bcd8625a7a2ffd4716567553e044":"","99c21b655e5ad55fa240075e582bc3d4":"","90adbab99f81d9a7a28c7360272bc48e":"","9d1ca19b33d5a0c0156850f68a483e39":"","059359442c6c9485500a7885ddc56840":"","8843d6d2a1bbf11bf733618da8656c56":"","c7370425dc750b6aaa0cfc985f5d1a83":"","7d94ac4b0f7b15816e6608f8049828b6":"","header_footer_scripts_panel":"","header_scripts":"","f9c54630902b4e163686deebb088f4ba":"","header_after_body_scripts":"","62360d4929767f79c0ab2849adb45699":"","footer_scripts":"","styles_descriptor":{"styles":{"desktop":"[data-prefix=\"single_page\"] .entry-header .page-title {--theme-font-size:32px;} [data-prefix=\"single_page\"] .entry-header .entry-meta {--theme-font-weight:600;--theme-text-transform:uppercase;--theme-font-size:12px;--theme-line-height:1.3;} [data-prefix=\"single_page\"] .entry-header .page-description {--theme-text-color:var(--theme-palette-color-4);} [data-prefix=\"single_page\"] .entry-header .ct-breadcrumbs {--theme-font-weight:600;--theme-text-transform:uppercase;--theme-font-size:12px;--theme-link-initial-color:var(--theme-palette-color-2);} [data-prefix=\"single_page\"] .hero-section[data-type=\"type-2\"] > figure .ct-media-container:after {background-color:var(--theme-palette-color-2);} [data-prefix=\"single_page\"] .hero-section[data-type=\"type-2\"] {background-color:var(--theme-palette-color-1);background-image:none;--container-padding:50px 0;}","tablet":"[data-prefix=\"single_page\"] .entry-header .page-title {--theme-font-size:30px;}","mobile":"[data-prefix=\"single_page\"] .entry-header .page-title {--theme-font-size:25px;}"},"google_fonts":[],"version":6}},"jetpack-related-posts":[],"jetpack_likes_enabled":true,"jetpack_shortlink":"https:\/\/wp.me\/Pd6iGp-ma","jetpack_sharing_enabled":true,"brizy_media":[{"id":3354,"url":"https:\/\/www.naama-bijoux.fr\/wp-content\/uploads\/2021\/03\/Colliers-elephant-naama-bijoux.png","name":"Colliers-elephant-naama-bijoux.png","meta":{"brizy_attachment_uid":"wp-37f949d78640214c625b0c0ced8b2876.png","brizy_post_uid":["498723eb561f92d9be9f52107f91beff","804b98cb596cd3dcc0e8f5a965af65ad"]}}],"_links":{"self":[{"href":"https:\/\/www.naama-bijoux.fr\/index.php\/wp-json\/wp\/v2\/pages\/1374","targetHints":{"allow":["GET"]}}],"collection":[{"href":"https:\/\/www.naama-bijoux.fr\/index.php\/wp-json\/wp\/v2\/pages"}],"about":[{"href":"https:\/\/www.naama-bijoux.fr\/index.php\/wp-json\/wp\/v2\/types\/page"}],"author":[{"embeddable":true,"href":"https:\/\/www.naama-bijoux.fr\/index.php\/wp-json\/wp\/v2\/users\/1"}],"replies":[{"embeddable":true,"href":"https:\/\/www.naama-bijoux.fr\/index.php\/wp-json\/wp\/v2\/comments?post=1374"}],"version-history":[{"count":30,"href":"https:\/\/www.naama-bijoux.fr\/index.php\/wp-json\/wp\/v2\/pages\/1374\/revisions"}],"predecessor-version":[{"id":10761,"href":"https:\/\/www.naama-bijoux.fr\/index.php\/wp-json\/wp\/v2\/pages\/1374\/revisions\/10761"}],"up":[{"embeddable":true,"href":"https:\/\/www.naama-bijoux.fr\/index.php\/wp-json\/wp\/v2\/pages\/17"}],"wp:featuredmedia":[{"embeddable":true,"href":"https:\/\/www.naama-bijoux.fr\/index.php\/wp-json\/wp\/v2\/media\/3354"}],"wp:attachment":[{"href":"https:\/\/www.naama-bijoux.fr\/index.php\/wp-json\/wp\/v2\/media?parent=1374"}],"curies":[{"name":"wp","href":"https:\/\/api.w.org\/{rel}","templated":true}]}}